{"id":980,"date":"2012-10-30T16:36:01","date_gmt":"2012-10-30T14:36:01","guid":{"rendered":"http:\/\/www.dgs-fussball.de\/?page_id=980"},"modified":"2021-06-09T08:34:34","modified_gmt":"2021-06-09T07:34:34","slug":"herren-dl-qualfikation","status":"publish","type":"page","link":"https:\/\/www.dgs-fussball.de\/?page_id=980","title":{"rendered":"Herren &#8211; Deaflympics"},"content":{"rendered":"\n<p style=\"font-size:18px\"><strong>Qualifikation<\/strong><\/p>\n\n\n\n<p><a href=\"https:\/\/www.dgs-fussball.de\/wordpress\/wp-content\/uploads\/2012\/10\/Ausscheidungsspiel-1959-in-Ochsenfurt-fuer-WS-Helsinki-FIN-1961.pdf\" target=\"_blank\" rel=\"noreferrer noopener\">Ausscheidungsspiel 1959 in Ochsenfurt f\u00fcr WS Helsinki FIN 1961<\/a><\/p>\n\n\n\n<p><a href=\"https:\/\/www.dgs-fussball.de\/wordpress\/wp-content\/uploads\/2012\/10\/Ausscheidungsspiel-1960-in-Gent-fuer-WS-Helsinki-FIN-1961.pdf\" target=\"_blank\" rel=\"noreferrer noopener\">Ausscheidungsspiel 1960 in Gent f\u00fcr WS Helsinki FIN 1961<\/a><\/p>\n\n\n\n<p><a href=\"https:\/\/www.dgs-fussball.de\/wordpress\/wp-content\/uploads\/2012\/10\/Ausscheidungsspiel-1972-in-Bingen-fuer-WS-Malmeo-1973.pdf\" target=\"_blank\" rel=\"noreferrer noopener\">Ausscheidungsspiel 1972 in Bingen f\u00fcr WS Malm\u00f6 1973<\/a><\/p>\n\n\n\n<p><a href=\"https:\/\/www.dgs-fussball.de\/wordpress\/wp-content\/uploads\/2012\/10\/Ausscheidungsspiel-1972-in-Leimen-fuer-WS-Malmeo-1973.pdf\" target=\"_blank\" rel=\"noreferrer noopener\">Ausscheidungsspiel 1972 in Leimen f\u00fcr WS Malm\u00f6 1973<\/a><\/p>\n\n\n\n<p><a href=\"https:\/\/www.dgs-fussball.de\/wordpress\/wp-content\/uploads\/2012\/10\/Ausscheidungsspiel-1972-in-Trient-fuer-WS-Malmoe-1973.pdf\" target=\"_blank\" rel=\"noreferrer noopener\">Ausscheidungsspiel 1972 in Trient f\u00fcr WS Malm\u00f6 1973<\/a><\/p>\n\n\n\n<p><a href=\"https:\/\/www.dgs-fussball.de\/wordpress\/wp-content\/uploads\/2012\/10\/Ausscheidungsspiel-1975-in-Bruessel-fuer-WS-Bukarest-ROM-1977.pdf\" target=\"_blank\" rel=\"noreferrer noopener\">Ausscheidungsspiel 1975 in Bruessel f\u00fcr WS Bukarest ROM 1977<\/a><\/p>\n\n\n\n<p><a href=\"https:\/\/www.dgs-fussball.de\/wordpress\/wp-content\/uploads\/2012\/10\/Ausscheidungsspiel-1976-in-Lohhof-fuer-WS-Bukarest-ROM-1977.pdf\" target=\"_blank\" rel=\"noreferrer noopener\">Ausscheidungsspiel 1976 in Lohhof f\u00fcr WS Bukarest ROM 1977<\/a><\/p>\n\n\n\n<p><a href=\"https:\/\/www.dgs-fussball.de\/wordpress\/wp-content\/uploads\/2012\/10\/Ausscheidungsspiel-1987-in-Kassel-fuer-WS-Christchurch-1989.pdf\" target=\"_blank\" rel=\"noreferrer noopener\">Ausscheidungsspiel 1987 in Kassel f\u00fcr WS Christchurch 1989<\/a><\/p>\n\n\n\n<p><a href=\"https:\/\/www.dgs-fussball.de\/wordpress\/wp-content\/uploads\/2012\/10\/Ausscheidungsspiel-1988-in-Turnhout-fuer-WS-Christchurch-1989.pdf\" target=\"_blank\" rel=\"noreferrer noopener\">Ausscheidungsspiel 1988 in Turnhout f\u00fcr WS Christchurch 1989<\/a><\/p>\n\n\n\n<p><a href=\"https:\/\/www.dgs-fussball.de\/wordpress\/wp-content\/uploads\/2012\/10\/Ausscheidungsspiel-1992-in-Dessau-fuer-WS-Sofia-1993.pdf\" target=\"_blank\" rel=\"noreferrer noopener\">Ausscheidungsspiel 1992 in Dessau f\u00fcr WS Sofia 1993<\/a><\/p>\n\n\n\n<p><a href=\"https:\/\/www.dgs-fussball.de\/wordpress\/wp-content\/uploads\/2012\/10\/Ausscheidungsspiel-1992-in-Paris-fuer-WS-Sofia-1993.pdf\" target=\"_blank\" rel=\"noreferrer noopener\">Ausscheidungsspiel 1992 in Paris f\u00fcr WS Sofia 1993<\/a><\/p>\n\n\n\n<p><a href=\"https:\/\/www.dgs-fussball.de\/wordpress\/wp-content\/uploads\/2012\/10\/Ausscheidungsspiel-1996-in-Sheffield-fuer-WS-Kopenhagen-1997.pdf\" target=\"_blank\" rel=\"noreferrer noopener\">Ausscheidungsspiel 1996 in Sheffield f\u00fcr WS Kopenhagen 1997<\/a><\/p>\n\n\n\n<p><a href=\"https:\/\/www.dgs-fussball.de\/wordpress\/wp-content\/uploads\/2012\/10\/Ausscheidungsspiel-1996-in-Wuppertal-fuer-WS-Kopenhagen-1997.pdf\" target=\"_blank\" rel=\"noreferrer noopener\">Ausscheidungsspiel 1996 in Wuppertal f\u00fcr WS Kopenhagen 1997<\/a><\/p>\n\n\n\n<p><a href=\"https:\/\/www.dgs-fussball.de\/wordpress\/wp-content\/uploads\/2012\/10\/Ausscheidungsspiel-2004-in-Hamburg-fuer-WS-Melbourne-2005.pdf\" target=\"_blank\" rel=\"noreferrer noopener\">Ausscheidungsspiel 2004 in Hamburg f\u00fcr WS Melbourne 2005<\/a><\/p>\n\n\n\n<p><a href=\"https:\/\/www.dgs-fussball.de\/wordpress\/wp-content\/uploads\/2012\/10\/Ausscheidungsspiel-2004-in-Kiew-fuer-WS-Melbourne-2005.pdf\" target=\"_blank\" rel=\"noreferrer noopener\">Ausscheidungsspiel 2004 in Kiew f\u00fcr WS Melbourne 2005<\/a><\/p>\n\n\n\n<p><a href=\"https:\/\/www.dgs-fussball.de\/wordpress\/wp-content\/uploads\/2012\/10\/WS-QU-GER-UKR-2005-in-Hamburg.pdf\" target=\"_blank\" rel=\"noreferrer noopener\">WS-QU GER-UKR 2005 in Hamburg<\/a><\/p>\n\n\n\n<p><a href=\"https:\/\/www.dgs-fussball.de\/wordpress\/wp-content\/uploads\/2012\/10\/Qualifikationsspiel-2012-in-Hannover-fuer-DL-Sofia-2013.pdf\" target=\"_blank\" rel=\"noreferrer noopener\">Qualifikationsspiel 2012 in Hannover f\u00fcr DL Sofia 2013<\/a><\/p>\n\n\n\n<p><a rel=\"noreferrer noopener\" href=\"https:\/\/www.dgs-fussball.de\/wordpress\/wp-content\/uploads\/2012\/10\/DL-QU-GER-SWE-2016.pdf\" target=\"_blank\">Qualifikationsspiel 2016 in N\u00f6ttingen f\u00fcr DL Samsun 2017<\/a><\/p>\n\n\n\n<p style=\"font-size:18px\"><strong>Deaflympics (ab 2001)<\/strong><\/p>\n\n\n\n<div class=\"wp-block-file\"><a href=\"https:\/\/www.dgs-fussball.de\/wordpress\/wp-content\/uploads\/2021\/06\/19.-Deaflympics-2001-in-Rom.pdf\" target=\"_blank\" rel=\"noreferrer noopener\">19.-Deaflympics-2001-in-Rom<\/a><a href=\"https:\/\/www.dgs-fussball.de\/wordpress\/wp-content\/uploads\/2021\/06\/19.-Deaflympics-2001-in-Rom.pdf\" class=\"wp-block-file__button\" download>Herunterladen<\/a><\/div>\n\n\n\n<div class=\"wp-block-file\"><a href=\"https:\/\/www.dgs-fussball.de\/wordpress\/wp-content\/uploads\/2021\/06\/20.-Deaflympics-2005-in-Melbourne.pdf\" target=\"_blank\" rel=\"noreferrer noopener\">20.-Deaflympics-2005-in-Melbourne<\/a><a href=\"https:\/\/www.dgs-fussball.de\/wordpress\/wp-content\/uploads\/2021\/06\/20.-Deaflympics-2005-in-Melbourne.pdf\" class=\"wp-block-file__button\" download>Herunterladen<\/a><\/div>\n\n\n\n<div class=\"wp-block-file\"><a href=\"https:\/\/www.dgs-fussball.de\/wordpress\/wp-content\/uploads\/2021\/06\/21.-Deaflympics-2009-in-Taipeh.pdf\" target=\"_blank\" rel=\"noreferrer noopener\">21.-Deaflympics-2009-in-Taipeh<\/a><a href=\"https:\/\/www.dgs-fussball.de\/wordpress\/wp-content\/uploads\/2021\/06\/21.-Deaflympics-2009-in-Taipeh.pdf\" class=\"wp-block-file__button\" download>Herunterladen<\/a><\/div>\n\n\n\n<div class=\"wp-block-file\"><a href=\"https:\/\/www.dgs-fussball.de\/wordpress\/wp-content\/uploads\/2021\/06\/22.-Deaflympics-2013-in-Sofia.pdf\" target=\"_blank\" rel=\"noreferrer noopener\">22.-Deaflympics-2013-in-Sofia<\/a><a href=\"https:\/\/www.dgs-fussball.de\/wordpress\/wp-content\/uploads\/2021\/06\/22.-Deaflympics-2013-in-Sofia.pdf\" class=\"wp-block-file__button\" download>Herunterladen<\/a><\/div>\n\n\n\n<div class=\"wp-block-file\"><a href=\"https:\/\/www.dgs-fussball.de\/wordpress\/wp-content\/uploads\/2021\/06\/23.-Deaflympics-2017-in-Samsun.pdf\" target=\"_blank\" rel=\"noreferrer noopener\">23.-Deaflympics-2017-in-Samsun<\/a><a href=\"https:\/\/www.dgs-fussball.de\/wordpress\/wp-content\/uploads\/2021\/06\/23.-Deaflympics-2017-in-Samsun.pdf\" class=\"wp-block-file__button\" download>Herunterladen<\/a><\/div>\n\n\n\n<p><\/p>\n","protected":false},"excerpt":{"rendered":"<p>Qualifikation Ausscheidungsspiel 1959 in Ochsenfurt f\u00fcr WS Helsinki FIN 1961 Ausscheidungsspiel 1960 in Gent f\u00fcr WS Helsinki FIN 1961 Ausscheidungsspiel 1972 in Bingen f\u00fcr WS Malm\u00f6 1973 Ausscheidungsspiel 1972 in Leimen f\u00fcr WS Malm\u00f6 1973 Ausscheidungsspiel 1972 in Trient f\u00fcr WS Malm\u00f6 1973 Ausscheidungsspiel 1975 in Bruessel f\u00fcr WS Bukarest ROM 1977 Ausscheidungsspiel 1976 in Lohhof f\u00fcr WS Bukarest ROM<\/p>\n","protected":false},"author":1,"featured_media":0,"parent":0,"menu_order":0,"comment_status":"closed","ping_status":"closed","template":"","meta":{"ngg_post_thumbnail":0,"footnotes":""},"class_list":["post-980","page","type-page","status-publish","hentry"],"_links":{"self":[{"href":"https:\/\/www.dgs-fussball.de\/index.php?rest_route=\/wp\/v2\/pages\/980","targetHints":{"allow":["GET"]}}],"collection":[{"href":"https:\/\/www.dgs-fussball.de\/index.php?rest_route=\/wp\/v2\/pages"}],"about":[{"href":"https:\/\/www.dgs-fussball.de\/index.php?rest_route=\/wp\/v2\/types\/page"}],"author":[{"embeddable":true,"href":"https:\/\/www.dgs-fussball.de\/index.php?rest_route=\/wp\/v2\/users\/1"}],"replies":[{"embeddable":true,"href":"https:\/\/www.dgs-fussball.de\/index.php?rest_route=%2Fwp%2Fv2%2Fcomments&post=980"}],"version-history":[{"count":6,"href":"https:\/\/www.dgs-fussball.de\/index.php?rest_route=\/wp\/v2\/pages\/980\/revisions"}],"predecessor-version":[{"id":6446,"href":"https:\/\/www.dgs-fussball.de\/index.php?rest_route=\/wp\/v2\/pages\/980\/revisions\/6446"}],"wp:attachment":[{"href":"https:\/\/www.dgs-fussball.de\/index.php?rest_route=%2Fwp%2Fv2%2Fmedia&parent=980"}],"curies":[{"name":"wp","href":"https:\/\/api.w.org\/{rel}","templated":true}]}}